{"id":4603,"date":"2022-07-27T12:31:50","date_gmt":"2022-07-27T10:31:50","guid":{"rendered":"https:\/\/www.anglatecnic.com\/politica-de-privacitat-web-2\/"},"modified":"2026-04-22T15:46:59","modified_gmt":"2026-04-22T13:46:59","slug":"politica-de-privacitat-web-2","status":"publish","type":"page","link":"https:\/\/www.anglatecnic.com\/ca\/politica-de-privacitat-web-2\/","title":{"rendered":"Pol\u00edtica de Privacitat Web"},"content":{"rendered":"<div class=\"et_pb_section_0 et_pb_section et_section_regular et_block_section\"><div class=\"et_pb_row_0 et_pb_row et_block_row\"><div class=\"et_pb_column_0 et_pb_column et_pb_column_4_4 et-last-child et_block_column et_pb_css_mix_blend_mode_passthrough\"><div class=\"et_pb_text_0 et_pb_text et_pb_bg_layout_light et_pb_module et_block_module\"><div class=\"et_pb_text_inner\"><p style=\"text-align: justify;\"><span style=\"font-size: 14px;\"><\/span><\/p>\n<h2 style=\"text-align: center;\">Pol\u00edtica de Privacitat Web<span style=\"font-size: 14px;\"><strong><\/strong><\/span><\/h2>\n<p style=\"text-align: justify;\"><span style=\"font-size: small;\"><strong>Responsable del Tractament<\/strong><\/span><\/p>\n<p style=\"text-align: justify;\"><span style=\"font-size: small;\">L\u2019empresa responsable del tractament de les seves dades en virtut d\u2019aquesta Pol\u00edtica de privacitat \u00e9s:<\/span><\/p>\n<p>ANGLAT\u00c8CNIC, S.L.<br \/>NIF: B61851622<br \/>Domicili: Pintor Ribalta 13, loc 3 08028 Barcelona Espa\u00f1a<br \/>Direcci\u00f3 de correu electr\u00f2nic: info@anglatecnic.com<br \/>Web: <a href=\"https:\/\/www.anglatecnic.com\/ca\/\" target=\"_blank\" rel=\"noopener\">anglatecnic.com<\/a><br \/>Tel\u00e8fon: 934488095<\/p>\n<p><span style=\"font-size: small;\">Inscrita al Registre Mercantil de Barcelona, Tom 31453, Foli 0068, Full N\u00ba 190225, Inscripci\u00f3 1\u00ba<\/span><\/p>\n<p><span style=\"font-size: small;\">A ANGLAT\u00c8CNIC, S.L., reconeixem la import\u00e0ncia de protegir la seva informaci\u00f3 personal i estem compromesos a tractar-la amb responsabilitat i de conformitat amb les lleis de protecci\u00f3 de dades.<\/span><\/p>\n<p>La present pol\u00edtica de privacitat pret\u00e9n regular tots els aspectes relatius al tractament de dades dels diferents usuaris que naveguen o faciliten les seves a trav\u00e9s dels diferents formularis situats en la web.<\/p>\n<p><strong>Dades Personals<\/strong><\/p>\n<p style=\"text-align: justify;\"><span style=\"font-size: small;\">Una dada personal \u00e9s la informaci\u00f3 que l\u2019identifica o el fa identificable. A trav\u00e9s de la web, en les caselles establertes a tal efecte recollim les dades personals que l\u2019usuari ens comunica: nom, cognoms, correu electr\u00f2nic, tel\u00e8fon, direcci\u00f3 postal, poblaci\u00f3, etc., aix\u00ed com totes aquelles dades que volunt\u00e0riament ens proporcioni a trav\u00e9s de qualsevol de les xarxes socials de les quals l\u2019usuari est\u00e0 registrat. En aquest cas, la privacitat dependr\u00e0 de la configuraci\u00f3 establerta pel mateix usuari aix\u00ed com dels termes i condicions de la pr\u00f2pia xarxa social.<\/span><\/p>\n<p>La visita de l\u2019usuari a la web no implica que hagi de facilitar cap informaci\u00f3 sobre les seves dades personals. No obstant aix\u00f2, en cas de facilitar-les, les dades seran tractades de forma l\u00edcita de conformitat en tot moment als principis i drets recollits en el RGPD 2016\/679 de 26 d\u2019abril i la LOPDGDD 3\/2018 del 5 de desembre.<\/p>\n<p><strong>Finalitat, duraci\u00f3 i legitimaci\u00f3 del tractament<\/strong><\/p>\n<p style=\"text-align: justify;\"><span style=\"font-size: small;\" les=\"\" dades=\"\" que=\"\" l=\"\" usuari=\"\" ens=\"\" proporcioni=\"\" tractarem=\"\" amb=\"\" seg=\"\" ents=\"\" finalitats:=\"\" span=\"\"><\/span><\/p>\n<ul>\n<li style=\"text-align: justify;\">\n<p><span style=\"font-size: small;\">Atendre la sol\u00b7licitud o petici\u00f3 realitzada per l\u2019usuari a trav\u00e9s del formulari de contacte situat a la web. Recollim i tractem les dades personals de l\u2019usuari per poder tramitar i gestionar la seva sol\u00b7licitud, una consulta o qualsevol petici\u00f3 que realitza a trav\u00e9s del formulari. Aquestes dades les conservem durant el temps necessari per complir la seva petici\u00f3 i durant el temps establert per la llei amb una duraci\u00f3 m\u00ednima de 3 anys.<\/span><\/p>\n<\/li>\n<\/ul>\n<p style=\"margin-left: 40px; text-align: justify;\"><span style=\"font-size: small;\">La base de legitimaci\u00f3 del tractament de les dades ser\u00e0 el consentiment que atorga l\u2019usuari en seleccionar la casella d\u2019acceptaci\u00f3 de la nostra pol\u00edtica de privacitat abans d\u2019enviar la petici\u00f3. L\u2019usuari t\u00e9 dret a revocar el seu consentiment en qualsevol moment sense que aix\u00f2 afecti la licitud del tractament basat en el consentiment previ a la seva retirada.<\/span><\/p>\n<ul>\n<li style=\"text-align: justify;\">\n<p>Gestionar les experi\u00e8ncies o opinions respecte dels productes i\/o serveis mitjan\u00e7ant els testimonis dels usuaris que seran publicats a la p\u00e0gina web i poder ajudar altres usuaris. Les \u00faniques dades personals que es publicaran del testimoni seran el nom i la ciutat de l\u2019usuari. Les dades facilitades les conservarem mentre l\u2019usuari no sol\u00b7liciti la seva revocaci\u00f3 i durant el temps establert per la llei amb una durada m\u00ednima de 3 anys.<\/p>\n<\/li>\n<\/ul>\n<p style=\"margin-left: 40px; text-align: justify;\">La base de legitimaci\u00f3 del tractament de les dades ser\u00e0 el consentiment que atorga l\u2019usuari en registrar-se a trav\u00e9s del formulari habilitat per aquest efecte en la web i en seleccionar la casella d\u2019acceptaci\u00f3 de la nostra pol\u00edtica de privacitat abans d\u2019enviar la seva sol\u00b7licitud.<\/p>\n<p style=\"margin-left: 40px; text-align: justify;\"><span style=\"font-size: small;\"><\/span><\/p>\n<ul>\n<li style=\"text-align: justify;\">\n<p><span style=\"font-size: small;\">Millorar la seva experi\u00e8ncia en navegar per la web. Aquestes dades els conservarem mentre l\u2019usuari no revoqui el seu consentiment al tractament d\u2019aquestes eliminant les cookies i durant el temps establert per la llei amb una durada m\u00ednima de 3 anys.<\/span><\/p>\n<\/li>\n<\/ul>\n<p style=\"margin-left: 40px; text-align: justify;\"><span style=\"font-size: small;\">La base de legitimaci\u00f3 per a millorar la seva experi\u00e8ncia en navegar per la web \u00e9s el consentiment que atorga l\u2019usuari en acceptar les cookies. L\u2019usuari t\u00e9 dret a revocar el seu consentiment en qualsevol moment sense que aix\u00f2 afecti la licitud del tractament basat en el consentiment previ a la seva retirada.<\/span><span style=\"font-size: small;\"><\/span><\/p>\n<ul>\n<li style=\"text-align: justify;\">\n<p>Gestionar les nostres xarxes socials i enviar-li informaci\u00f3 sobre les nostres activitats i productes. Aquestes dades les conservarem mentre l\u2019usuari no revoqui el seu consentiment al tractament d\u2019aquestes i durant el temps establert per la llei amb una durada m\u00ednima de 3 anys.<\/p>\n<\/li>\n<\/ul>\n<p style=\"margin-left: 40px; text-align: justify;\">La base de leg\u00edtimaci\u00f3 per a gestionar les nostres xarxes socials i enviar-li les nostres activitats i novetats, \u00e9s el consentiment que ens atorga per a aix\u00f2. L\u2019usuari t\u00e9 dret a revocar el seu consentiment en qualsevol moment sense que aix\u00f2 afecti la licitud del tractament basat en el consentiment previ a la seva retirada.<\/p>\n<p style=\"text-align: justify;\"><span style=\"font-size: small;\"><strong>Cessi\u00f3 o comunicaci\u00f3 de dades personals i transfer\u00e8ncies internacionals<\/strong><\/span><\/p>\n<p style=\"text-align: justify;\"><span style=\"font-size: small;\">Les seves dades no es comunicaran ni seran cedides a tercers, tret que existeixi alguna obligaci\u00f3 legal o a aquells prestadors vinculats al Responsable que actuen com a encarregats del tractament.<\/span><\/p>\n<p style=\"text-align: justify;\"><span style=\"font-size: small;\">Els nostres servidors estan situats a la Uni\u00f3 Europea, i amb car\u00e0cter general, contractem prestadors de serveis situats tamb\u00e9 dins de l\u2019Espai Econ\u00f2mic Europeu o en pa\u00efsos que han estat declarats amb un nivell adequat de protecci\u00f3.<\/span><\/p>\n<p>Si necessitem utilitzar prove\u00efdors de serveis externs que requereixin la transmissi\u00f3 de dades personals fora de la Uni\u00f3 Europea o en pa\u00efsos que no han estat declarats amb un nivell adequat de protecci\u00f3, ens assegurarem de garantir la seguretat i legitimitat del tractament de les seves dades mitjan\u00e7ant decisions d\u2019adequaci\u00f3, cl\u00e0usules tipus, normes corporatives vinculants, excepcions o qualsevol altre instrument aprovat per l\u2019autoritat de control que ofereixi les garanties adequades per a la realitzaci\u00f3 de la transfer\u00e8ncia internacional de dades.<\/p>\n<p><strong>Actualitzaci\u00f3 de dades<\/strong><\/p>\n<p style=\"text-align: justify;\"><span style=\"font-size: small;\">\u00c9s important que perqu\u00e8 puguem mantenir les dades personals actualitzades, l\u2019usuari ens informi sempre que hi hagi hagut alguna modificaci\u00f3 en aquestes, en cas contrari, no responem de la veracitat d\u2019aquestes.<\/span><\/p>\n<p>L\u2019usuari garanteix que les dades personals facilitades s\u00f3n veraces garantint que tota la informaci\u00f3 facilitada correspon amb la situaci\u00f3 real, que est\u00e0 posada al dia i \u00e9s exacta, quedant obligat a comunicar qualsevol modificaci\u00f3.<\/p>\n<p><strong>Dades de Tercers<\/strong><\/p>\n<p style=\"text-align: justify;\"><span style=\"font-size: small;\">Si l\u2019usuari facilita dades de terceres persones per a qualsevol finalitat a ANGLAT\u00c8CNIC, S.L., garanteix que ha obtingut aquestes dades de forma l\u00edcita, que ha informat pr\u00e8viament els afectats, obtenint el seu consentiment per a comunicar-les i que la informaci\u00f3 facilitada \u00e9s exacta i vera\u00e7.<\/span><\/p>\n<p><strong>Car\u00e0cter obligatori de la informaci\u00f3 sol\u00b7licitada<\/strong><\/p>\n<p style=\"text-align: justify;\"><span style=\"font-size: small;\">Tots els nostres formularis compten amb un asterisc (*) en les dades obligat\u00f2ries. Si l\u2019usuari no omple aquests camps, o no marca la casella d\u2019acceptaci\u00f3 de la pol\u00edtica de privacitat, no es permetr\u00e0 l\u2019enviament de la informaci\u00f3.<\/span><\/p>\n<p style=\"text-align: justify;\"><span style=\"font-size: small;\"><br \/><strong>Drets dels interessats<\/strong><\/span><\/p>\n<p style=\"text-align: justify;\"><span style=\"font-size: small;\">T\u00e9 dret a accedir a les seves dades i a obtenir confirmaci\u00f3 sobre el seu tractament, aix\u00ed com una c\u00f2pia de les dades personals objecte de tractament. T\u00e9 dret a actualitzar-les i a sol\u00b7licitar la rectificaci\u00f3 de les dades que siguin inexactes o sol\u00b7licitar la supressi\u00f3 quan les dades no siguin necess\u00e0ries per a les finalitats per les quals van ser recaptades. Pot sol\u00b7licitar la limitaci\u00f3 en el tractament de les seves dades i oposar-se al tractament d\u2019aquestes revocant el seu consentiment, aix\u00ed com exercir el dret a la portabilitat de les dades. De la mateixa manera, t\u00e9 dret a no ser objecte de decisions basades \u00fanicament en el tractament automatitzat de les seves dades personals. Pot exercir els seus drets contactant amb nosaltres Pintor Ribalta 13, loc 3, - 08028 Barcelona (Barcelona). E-mail: info@anglatecnic.com.<\/span><\/p>\n<p>Si considera que els seus drets no s\u2019han at\u00e8s degudament, t\u00e9 dret a presentar una reclamaci\u00f3 davant l\u2019autoritat de control a www.aepd.es.<\/p>\n<p><strong>Tractament de dades de Menors d\u2019edat<\/strong><\/p>\n<p style=\"text-align: justify;\"><span style=\"font-size: small;\">Qui facilita les dades a trav\u00e9s dels formularis d\u2019aquesta web i accepta el seu tractament declara ser major de 14 anys, quedant prohibit l\u2019acc\u00e9s i \u00fas del portal a menors d\u2019aquesta edat. Si en algun moment, el Responsable detecta que un menor de 14 anys ha proporcionat dades de car\u00e0cter personal, procedirem a la cancel\u00b7laci\u00f3 d\u2019aquestes. Aix\u00ed mateix, els pares o tutors podran en qualsevol cas dirigir-se a ANGLAT\u00c8CNIC, S.L. per a bloquejar el compte d\u2019acc\u00e9s dels menors al seu c\u00e0rrec que s\u2019haguessin registrat falsejant la seva identitat.<\/span><\/p>\n<p><strong>Xarxes Socials<\/strong><\/p>\n<p style=\"text-align: justify;\"><span style=\"font-size: small;\">L\u2019objecte de les eines com Facebook, Twitter, Instagram, etc. o altres xarxes socials \u00e9s donar visibilitat i difusi\u00f3 a les activitats que desenvolupa la nostra organitzaci\u00f3. Aquestes eines emmagatzenen dades personals en els servidors dels serveis respectius i es regeixen per la seva pr\u00f2pia pol\u00edtica de privacitat. Es recomana la revisi\u00f3 i la lectura de les condicions d\u2019\u00fas i pol\u00edtica de privacitat de la xarxa social en el moment de registrar-se, tenint en compte les diferents possibilitats de configuraci\u00f3 en relaci\u00f3 al grau de privacitat del perfil d\u2019usuari a la xarxa social. Aix\u00ed mateix, el Responsable es reserva el dret d\u2019eliminar de les seves xarxes socials qualsevol informaci\u00f3 publicada per tercers que vulneri la legalitat, inciti a fer-ho o contingui missatges que atemptin contra la dignitat de persones o institucions. Com tamb\u00e9 el dret a bloquejar o denunciar el perfil autor d\u2019aquests missatges.<\/span><\/p>\n<p><strong>Tractament de Cookies<\/strong><\/p>\n<p style=\"text-align: justify;\"><span style=\"font-size: small;\">Una cookie \u00e9s un petit arxiu que es descarrega i emmagatzema en l\u2019ordinador de l\u2019usuari quan aquest accedeix a una p\u00e0gina web. Les cookies permeten a la web, entre altres coses, emmagatzemar i recuperar informaci\u00f3 sobre els h\u00e0bits de navegaci\u00f3 de l\u2019usuari o del seu equip i, depenent de la informaci\u00f3 que continguin i de la forma en qu\u00e8 utilitzi el seu equip, poden utilitzar-se per a recon\u00e8ixer a l\u2019usuari.<\/span><\/p>\n<p>L\u2019usuari t\u00e9 l\u2019opci\u00f3 d\u2019impedir la generaci\u00f3 de cookies, mitjan\u00e7ant la selecci\u00f3 de la corresponent opci\u00f3 en el seu programa de navegador. Pot obtenir m\u00e9s informaci\u00f3 llegint la nostra <u>Pol\u00edtica de Cookies<\/u>.<\/p>\n<\/div><\/div><\/div><\/div><\/div>","protected":false},"excerpt":{"rendered":"","protected":false},"author":2,"featured_media":0,"parent":0,"menu_order":0,"comment_status":"closed","ping_status":"closed","template":"","meta":{"footnotes":""},"class_list":["post-4603","page","type-page","status-publish","hentry"],"_links":{"self":[{"href":"https:\/\/www.anglatecnic.com\/ca\/wp-json\/wp\/v2\/pages\/4603","targetHints":{"allow":["GET"]}}],"collection":[{"href":"https:\/\/www.anglatecnic.com\/ca\/wp-json\/wp\/v2\/pages"}],"about":[{"href":"https:\/\/www.anglatecnic.com\/ca\/wp-json\/wp\/v2\/types\/page"}],"author":[{"embeddable":true,"href":"https:\/\/www.anglatecnic.com\/ca\/wp-json\/wp\/v2\/users\/2"}],"replies":[{"embeddable":true,"href":"https:\/\/www.anglatecnic.com\/ca\/wp-json\/wp\/v2\/comments?post=4603"}],"version-history":[{"count":3,"href":"https:\/\/www.anglatecnic.com\/ca\/wp-json\/wp\/v2\/pages\/4603\/revisions"}],"predecessor-version":[{"id":18613,"href":"https:\/\/www.anglatecnic.com\/ca\/wp-json\/wp\/v2\/pages\/4603\/revisions\/18613"}],"wp:attachment":[{"href":"https:\/\/www.anglatecnic.com\/ca\/wp-json\/wp\/v2\/media?parent=4603"}],"curies":[{"name":"wp","href":"https:\/\/api.w.org\/{rel}","templated":true}]}}

Política de Privacitat Web

<div class="et_pb_section_0 et_pb_section et_section_regular et_block_section"><div class="et_pb_row_0 et_pb_row et_block_row"><div class="et_pb_column_0 et_pb_column et_pb_column_4_4 et-last-child et_block_column et_pb_css_mix_blend_mode_passthrough"><div class="et_pb_text_0 et_pb_text et_pb_bg_layout_light et_pb_module et_block_module"><div class="et_pb_text_inner"><p style="text-align: justify;"><span style="font-size: 14px;"></span></p>
<h2 style="text-align: center;">Política de Privacitat Web<span style="font-size: 14px;"><strong></strong></span></h2>
<p style="text-align: justify;"><span style="font-size: small;"><strong>Responsable del Tractament</strong></span></p>
<p style="text-align: justify;"><span style="font-size: small;">L’empresa responsable del tractament de les seves dades en virtut d’aquesta Política de privacitat és:</span></p>
<p>ANGLATÈCNIC, S.L.<br />NIF: B61851622<br />Domicili: Pintor Ribalta 13, loc 3 08028 Barcelona España<br />Direcció de correu electrònic: info@anglatecnic.com<br />Web: <a href="https://www.anglatecnic.com/ca/" target="_blank" rel="noopener">anglatecnic.com</a><br />Telèfon: 934488095</p>
<p><span style="font-size: small;">Inscrita al Registre Mercantil de Barcelona, Tom 31453, Foli 0068, Full Nº 190225, Inscripció 1º</span></p>
<p><span style="font-size: small;">A ANGLATÈCNIC, S.L., reconeixem la importància de protegir la seva informació personal i estem compromesos a tractar-la amb responsabilitat i de conformitat amb les lleis de protecció de dades.</span></p>
<p>La present política de privacitat pretén regular tots els aspectes relatius al tractament de dades dels diferents usuaris que naveguen o faciliten les seves a través dels diferents formularis situats en la web.</p>
<p><strong>Dades Personals</strong></p>
<p style="text-align: justify;"><span style="font-size: small;">Una dada personal és la informació que l’identifica o el fa identificable. A través de la web, en les caselles establertes a tal efecte recollim les dades personals que l’usuari ens comunica: nom, cognoms, correu electrònic, telèfon, direcció postal, població, etc., així com totes aquelles dades que voluntàriament ens proporcioni a través de qualsevol de les xarxes socials de les quals l’usuari està registrat. En aquest cas, la privacitat dependrà de la configuració establerta pel mateix usuari així com dels termes i condicions de la pròpia xarxa social.</span></p>
<p>La visita de l’usuari a la web no implica que hagi de facilitar cap informació sobre les seves dades personals. No obstant això, en cas de facilitar-les, les dades seran tractades de forma lícita de conformitat en tot moment als principis i drets recollits en el RGPD 2016/679 de 26 d’abril i la LOPDGDD 3/2018 del 5 de desembre.</p>
<p><strong>Finalitat, duració i legitimació del tractament</strong></p>
<p style="text-align: justify;"><span style="font-size: small;" les="" dades="" que="" l="" usuari="" ens="" proporcioni="" tractarem="" amb="" seg="" ents="" finalitats:="" span=""></span></p>
<ul>
<li style="text-align: justify;">
<p><span style="font-size: small;">Atendre la sol·licitud o petició realitzada per l’usuari a través del formulari de contacte situat a la web. Recollim i tractem les dades personals de l’usuari per poder tramitar i gestionar la seva sol·licitud, una consulta o qualsevol petició que realitza a través del formulari. Aquestes dades les conservem durant el temps necessari per complir la seva petició i durant el temps establert per la llei amb una duració mínima de 3 anys.</span></p>
</li>
</ul>
<p style="margin-left: 40px; text-align: justify;"><span style="font-size: small;">La base de legitimació del tractament de les dades serà el consentiment que atorga l’usuari en seleccionar la casella d’acceptació de la nostra política de privacitat abans d’enviar la petició. L’usuari té dret a revocar el seu consentiment en qualsevol moment sense que això afecti la licitud del tractament basat en el consentiment previ a la seva retirada.</span></p>
<ul>
<li style="text-align: justify;">
<p>Gestionar les experiències o opinions respecte dels productes i/o serveis mitjançant els testimonis dels usuaris que seran publicats a la pàgina web i poder ajudar altres usuaris. Les úniques dades personals que es publicaran del testimoni seran el nom i la ciutat de l’usuari. Les dades facilitades les conservarem mentre l’usuari no sol·liciti la seva revocació i durant el temps establert per la llei amb una durada mínima de 3 anys.</p>
</li>
</ul>
<p style="margin-left: 40px; text-align: justify;">La base de legitimació del tractament de les dades serà el consentiment que atorga l’usuari en registrar-se a través del formulari habilitat per aquest efecte en la web i en seleccionar la casella d’acceptació de la nostra política de privacitat abans d’enviar la seva sol·licitud.</p>
<p style="margin-left: 40px; text-align: justify;"><span style="font-size: small;"></span></p>
<ul>
<li style="text-align: justify;">
<p><span style="font-size: small;">Millorar la seva experiència en navegar per la web. Aquestes dades els conservarem mentre l’usuari no revoqui el seu consentiment al tractament d’aquestes eliminant les cookies i durant el temps establert per la llei amb una durada mínima de 3 anys.</span></p>
</li>
</ul>
<p style="margin-left: 40px; text-align: justify;"><span style="font-size: small;">La base de legitimació per a millorar la seva experiència en navegar per la web és el consentiment que atorga l’usuari en acceptar les cookies. L’usuari té dret a revocar el seu consentiment en qualsevol moment sense que això afecti la licitud del tractament basat en el consentiment previ a la seva retirada.</span><span style="font-size: small;"></span></p>
<ul>
<li style="text-align: justify;">
<p>Gestionar les nostres xarxes socials i enviar-li informació sobre les nostres activitats i productes. Aquestes dades les conservarem mentre l’usuari no revoqui el seu consentiment al tractament d’aquestes i durant el temps establert per la llei amb una durada mínima de 3 anys.</p>
</li>
</ul>
<p style="margin-left: 40px; text-align: justify;">La base de legítimació per a gestionar les nostres xarxes socials i enviar-li les nostres activitats i novetats, és el consentiment que ens atorga per a això. L’usuari té dret a revocar el seu consentiment en qualsevol moment sense que això afecti la licitud del tractament basat en el consentiment previ a la seva retirada.</p>
<p style="text-align: justify;"><span style="font-size: small;"><strong>Cessió o comunicació de dades personals i transferències internacionals</strong></span></p>
<p style="text-align: justify;"><span style="font-size: small;">Les seves dades no es comunicaran ni seran cedides a tercers, tret que existeixi alguna obligació legal o a aquells prestadors vinculats al Responsable que actuen com a encarregats del tractament.</span></p>
<p style="text-align: justify;"><span style="font-size: small;">Els nostres servidors estan situats a la Unió Europea, i amb caràcter general, contractem prestadors de serveis situats també dins de l’Espai Econòmic Europeu o en països que han estat declarats amb un nivell adequat de protecció.</span></p>
<p>Si necessitem utilitzar proveïdors de serveis externs que requereixin la transmissió de dades personals fora de la Unió Europea o en països que no han estat declarats amb un nivell adequat de protecció, ens assegurarem de garantir la seguretat i legitimitat del tractament de les seves dades mitjançant decisions d’adequació, clàusules tipus, normes corporatives vinculants, excepcions o qualsevol altre instrument aprovat per l’autoritat de control que ofereixi les garanties adequades per a la realització de la transferència internacional de dades.</p>
<p><strong>Actualització de dades</strong></p>
<p style="text-align: justify;"><span style="font-size: small;">És important que perquè puguem mantenir les dades personals actualitzades, l’usuari ens informi sempre que hi hagi hagut alguna modificació en aquestes, en cas contrari, no responem de la veracitat d’aquestes.</span></p>
<p>L’usuari garanteix que les dades personals facilitades són veraces garantint que tota la informació facilitada correspon amb la situació real, que està posada al dia i és exacta, quedant obligat a comunicar qualsevol modificació.</p>
<p><strong>Dades de Tercers</strong></p>
<p style="text-align: justify;"><span style="font-size: small;">Si l’usuari facilita dades de terceres persones per a qualsevol finalitat a ANGLATÈCNIC, S.L., garanteix que ha obtingut aquestes dades de forma lícita, que ha informat prèviament els afectats, obtenint el seu consentiment per a comunicar-les i que la informació facilitada és exacta i veraç.</span></p>
<p><strong>Caràcter obligatori de la informació sol·licitada</strong></p>
<p style="text-align: justify;"><span style="font-size: small;">Tots els nostres formularis compten amb un asterisc (*) en les dades obligatòries. Si l’usuari no omple aquests camps, o no marca la casella d’acceptació de la política de privacitat, no es permetrà l’enviament de la informació.</span></p>
<p style="text-align: justify;"><span style="font-size: small;"><br /><strong>Drets dels interessats</strong></span></p>
<p style="text-align: justify;"><span style="font-size: small;">Té dret a accedir a les seves dades i a obtenir confirmació sobre el seu tractament, així com una còpia de les dades personals objecte de tractament. Té dret a actualitzar-les i a sol·licitar la rectificació de les dades que siguin inexactes o sol·licitar la supressió quan les dades no siguin necessàries per a les finalitats per les quals van ser recaptades. Pot sol·licitar la limitació en el tractament de les seves dades i oposar-se al tractament d’aquestes revocant el seu consentiment, així com exercir el dret a la portabilitat de les dades. De la mateixa manera, té dret a no ser objecte de decisions basades únicament en el tractament automatitzat de les seves dades personals. Pot exercir els seus drets contactant amb nosaltres Pintor Ribalta 13, loc 3, - 08028 Barcelona (Barcelona). E-mail: info@anglatecnic.com.</span></p>
<p>Si considera que els seus drets no s’han atès degudament, té dret a presentar una reclamació davant l’autoritat de control a www.aepd.es.</p>
<p><strong>Tractament de dades de Menors d’edat</strong></p>
<p style="text-align: justify;"><span style="font-size: small;">Qui facilita les dades a través dels formularis d’aquesta web i accepta el seu tractament declara ser major de 14 anys, quedant prohibit l’accés i ús del portal a menors d’aquesta edat. Si en algun moment, el Responsable detecta que un menor de 14 anys ha proporcionat dades de caràcter personal, procedirem a la cancel·lació d’aquestes. Així mateix, els pares o tutors podran en qualsevol cas dirigir-se a ANGLATÈCNIC, S.L. per a bloquejar el compte d’accés dels menors al seu càrrec que s’haguessin registrat falsejant la seva identitat.</span></p>
<p><strong>Xarxes Socials</strong></p>
<p style="text-align: justify;"><span style="font-size: small;">L’objecte de les eines com Facebook, Twitter, Instagram, etc. o altres xarxes socials és donar visibilitat i difusió a les activitats que desenvolupa la nostra organització. Aquestes eines emmagatzenen dades personals en els servidors dels serveis respectius i es regeixen per la seva pròpia política de privacitat. Es recomana la revisió i la lectura de les condicions d’ús i política de privacitat de la xarxa social en el moment de registrar-se, tenint en compte les diferents possibilitats de configuració en relació al grau de privacitat del perfil d’usuari a la xarxa social. Així mateix, el Responsable es reserva el dret d’eliminar de les seves xarxes socials qualsevol informació publicada per tercers que vulneri la legalitat, inciti a fer-ho o contingui missatges que atemptin contra la dignitat de persones o institucions. Com també el dret a bloquejar o denunciar el perfil autor d’aquests missatges.</span></p>
<p><strong>Tractament de Cookies</strong></p>
<p style="text-align: justify;"><span style="font-size: small;">Una cookie és un petit arxiu que es descarrega i emmagatzema en l’ordinador de l’usuari quan aquest accedeix a una pàgina web. Les cookies permeten a la web, entre altres coses, emmagatzemar i recuperar informació sobre els hàbits de navegació de l’usuari o del seu equip i, depenent de la informació que continguin i de la forma en què utilitzi el seu equip, poden utilitzar-se per a reconèixer a l’usuari.</span></p>
<p>L’usuari té l’opció d’impedir la generació de cookies, mitjançant la selecció de la corresponent opció en el seu programa de navegador. Pot obtenir més informació llegint la nostra <u>Política de Cookies</u>.</p>
</div></div></div></div></div>
